 is p(-7)?
10
Let l(w) = 16*w - 5. Let j be l(4). Let q = j + -54. Let o(i) = -3*i + 6. Determine o(q).
-9
Let w(a) = 8*a**2 - 4*a + 10. Let p(m) = -9 - 19*m**2 + 28*m**2 + 4*m - 16*m**2. Let f(l) = -7*p(l) - 6*w(l). Determine f(2).
-1
Let b(r) = -r**3 - 6*r**2 + 13*r + 10. Let l = -247 + 239. What is b(l)?
34
Let c(k) be the second derivative of k**4/12 - 5*k**3/6 + k**2/2 + 5*k + 3. What is c(3)?
-5
Suppose 0 = 2*k - k. Let w(v) = -50 + 59 - v - 3*v**3 + 4*v**3 + v**2 + 0*v**2. Give w(k).
9
Let o(b) = 55 - 30 - 2*b - 40. Calculate o(-9).
3
Let n(l) be the third derivative of 2/3*l**3 + 0*l + 5/24*l**4 - l**2 + 34 + 1/60*l**5. Give n(-3).
-2
Suppose 33*t - 227 = -95. Let k(g) = -g**3 + 4*g**2 - 2*g - 1. What is k(t)?
-9
Let d(m) = -m + 12. Let n(s) = 6*s - 81. Let j(t) = 27*d(t) + 4*n(t). Give j(5).
-15
Let o be (-3 - (-16)/6)*3. Let m(p) = -p**2. Let u(c) = 7*c**2 - 6*c + 7. Let w(y) = o*u(y) - 6*m(y). Give w(7).
-14
Let i = -47 - -63. Suppose -i = -2*y + 4*o - 0*o, -o = -y + 3. Let w(j) = -j**2 - 2*j + 1. Give w(y).
1
Let d(v) = -v**2 + 7*v. Let m(w) = w + 12. Let l be m(-7). Let x be -3*1 + (l - -6). What is d(x)?
-8
Let k(y) be the second derivative of y**4/12 + y**3/3 - y**2 - 32*y. Give k(1).
1
Let m(s) = 5*s - 23. Let q(c) = -11*c + 47. Let i(f) = 13*m(f) + 6*q(f). Let u be 7/(-1*(-2)/10). Let x = -44 + u. Give i(x).
-8
Let t(v) = 8*v - 39*v + 15*v + 14*v + 7. Let a be 4/1 - (-3 + 1). Give t(a).
-5
Suppose -416 = -21*y + 25. Let h(r) = 3*r**2 - 64*r + 26. What is h(y)?
5
Let c = 2 - -2. Suppose 0 = -c*g - g + 15. Let s(z) = -z**3 - z + 2*z + 3*z**2 + 669 + 0*z - 665. Calculate s(g).
7
Let k be ((-28)/(-105)*-3)/((-2)/25). Let w(x) = -x**3 + 11*x**2 - 11*x + 5. Calculate w(k).
-5
Let w(k) = -k**3 + 10*k**2 - k + 13. Let j(z) = 18*z + 172. Let t be j(-9). Determine w(t).
3
Let h(c) be the third derivative of c**6/120 - c**5/15 - c**4/6 - 7*c**3/6 + 2*c**2 - 260. Let n = 11 - 6. Give h(n).
-2
Let p(i) = i**3 - 4*i**2 + 1. Suppose -10*s - 506 = 444. Let w be s/(-35) + 2/7. Calculate p(w).
-8
Let h(r) = -2*r**2 - r - 9*r**3 + 2*r + r**3. Let p = 2 + -16. Let i = p + 15. Give h(i).
-9
Let f(d) = -12*d - 5. Let v(t) be the first derivative of 13*t**2/2 + 6*t - 21. Let j(b) = 6*f(b) + 5*v(b). Determine j(2).
-14
Let u(b) = 3*b**2 + 3*b + 2. Let l = 1835 - 1832. Give u(l).
38
Let z = 205 - 211. Let p(s) = -s**3 - 7*s**2 - 10*s - 9. Determine p(z).
15
Let f(t) be the third derivative of t**6/120 + 7*t**5/60 - 11*t**4/24 + t**3 + 30*t**2. Determine f(-8).
30
Let l(z) be the third derivative of z**5/60 + 3*z**4/8 - z**3/3 + 5*z**2. Let a(q) be the first derivative of l(q). Let w be 5*-1 + -2 + 1. Give a(w).
-3
Let m(f) = 2*f**3 + 4*f**2 - 2*f + 4. Let i(w) = -w**3 + w - 1. Let c(s) = -3*i(s) - m(s). Suppose -8*a + 206 = 174. Determine c(a).
-5
Let q = 1 - 0. Suppose 2*l + 4*n = 26 - 4, 29 = 3*l + 5*n. Let s(f) = 5*f**3 + 3 + 3 - 5 - f**2 - 11*f**l. Determine s(q).
-6
Let w(t) = -t. Let c(l) = 32*l - 11. Let p(u) = -11*u + 4. Let x(s) = 6*c(s) + 17*p(s). Let v(r) = 4*w(r) + x(r). What is v(6)?
8
Let l(j) = j - 12. Suppose 2*t - 8 = -0. Let q be l(t). Let b(s) = -s**3 - 8*s**2 - s. Calculate b(q).
8
Let l(c) = 50*c**2 + c. Let s be l(1). Let p = 56 - s. Let h(f) = f**3 - 4*f**2 - 4*f + 4. What is h(p)?
9
Let g(x) = 7*x + 16. Suppose -8*b = -6*b + 12. Let q(n) = 20*n + 48. Let a(k) = b*q(k) + 17*g(k). Calculate a(-11).
-5
Let f(m) be the second derivative of -m**4/12 - 2*m**3 - 5*m**2/2 - 12*m. Determine f(-12).
-5
Let b = 143/7560 + -2/189. Let a(x) be the third derivative of b*x**6 + 0*x + 3/2*x**3 + 2*x**2 + 0 - 1/24*x**4 - 1/60*x**5. What is a(0)?
9
Let s be 1*1/((-2)/(-30)). Let j(q) = q**2 - 15*q + 15. Let i be j(s). Let r be (-5)/(i/6) - -6. Let n(y) = -2*y + 6. Give n(r).
-2
Let d(m) = 2*m**2 + 2. Let p(n) = -17*n - 268. Let q be p(-16). What is d(q)?
34
Let p(q) = 3*q**2. Let b be p(1). Suppose -b = -r - 2*r. Let a(w) be the first derivative of -2*w**3/3 - w**2/2 - 3. What is a(r)?
-3
Let m(x) be the second derivative of -x**6/720 - x**4 + 20*x. Let y(f) be the third derivative of m(f). What is y(0)?
0
Let x(t) = 7*t. Let h(q) = -q. Let k(u) = -4*h(u) - x(u). What is k(-3)?
9
Let u(f) = 3*f + 3. Let i be u(-3). Let q be (-2)/(-6) + (-16)/i. Let y(g) = -q*g + 0*g + 2*g. Calculate y(2).
-2
Let n(f) be the third derivative of f**4/12 + 5*f**3/3 - 53*f**2. Suppose 5*q + 0*q - 5*r = -25, 13 = -3*q + 4*r. Determine n(q).
-4
Let h(i) be the third derivative of -i**5/60 - 8*i**3/3 + 53*i**2. Determine h(0).
-16
Let f(c) = 10 - 3*c + 0*c + 0*c. Let v(l) = -42*l + 469. Let x be v(11). Give f(x).
-11
Let u(w) = -w**3 - 2*w**2 + 4*w + 3. Let o = 237 - 240. Give u(o).
0
Let i(k) be the first derivative of -2*k**2 + 13*k - 97. Determine i(4).
-3
Let i(g) be the third derivative of g**4/24 - g**3 - 42*g**2. Suppose f + 8 = -4*u - 11, -5*u - 3*f - 15 = 0. Determine i(u).
-12
Let d(b) be the first derivative of 10 + 2*b + 3/2*b**2. Let v = 6 + -4. What is d(v)?
8
Let m(v) = 4*v**2 + 4811 - 3*v**2 + 2*v - 4816. Determine m(-4).
3
Let w(a) = a**2 + 7*a + 2. Let x be w(-5). Let m(y) = y**3 + 8*y**2 - 2*y - 5. Determine m(x).
11
Let j(y) = 2*y**2 + 4*y - 2. Suppose -4*k + 16*k = 24. What is j(k)?
14
Let v be (1 - 1)/4 + 5. Let d be v/(20/(-32)) + 0. Let o(r) = r**3 + 11*r**2 + 8*r + 3. Let g(p) = p**2 + 1. Let h(i) = 2*g(i) - o(i). Give h(d).
-1
Let q(y) be the third derivative of y**8/20160 - y**7/2520 + y**5/30 - 16*y**2. Let a(x) be the third derivative of q(x). Give a(4).
8
Let m(h) = -h - 6. Let y be m(-5). Let q = 1 + y. Suppose q = -5*n + 12 + 3. Let w(b) = b**3 - 5*b**2 + 3*b + 4. Calculate w(n).
-5
Let f = 322 - 321. Let l(u) = -2*u - 1. Determine l(f).
-3
Let i(t) be the second derivative of t**5/20 + 3*t**4/4 + 3*t**3/2 + 3*t**2/2 + t. Let k = -7806 - -7798. Calculate i(k).
-5
Let q be 2/9*(-5 - -14). Suppose -w + 2*x = -9, -4*x - 16 = -q*w - x. Let t(r) = -r**3 + 4*r**2 + 8*r - 7. Give t(w).
8
Let r(v) = -2*v**2 + 17*v - 11. Let w be r(7). Suppose 0*g - w = 2*g. Let k(y) = 6*y**2 - y + y + 4 + y**3 + 6*y. Calculate k(g).
-1
Let n(t) = 5*t**2 + 23*t + 1. Let k(c) = 5*c**2 + 28*c + 2. Let r(z) = 5*k(z) - 6*n(z). Determine r(-2).
-20
Let z(k) = k**3 - 16*k**2 + 28*k + 2. Let y be z(14). Suppose 0 = 3*s + 4*c - 17, -1 = -y*c + 3*c. Let t(i) = -i + 5. Determine t(s).
-2
Let b(k) = -k**2 + 11*k - 11. Let w be b(9). Let t = w - -37. Suppose 5*a + t = 14. Let l(h) = -h**3 - 7*h**2 - 8*h - 3. Determine l(a).
9
Suppose -44*x + 393 = -3. Let z(d) = d - 8. What is z(x)?
1
Let f(s) = -s**2 + 6*s + 3. Suppose 10*b - b = 1053. Let w = b - 112. Determine f(w).
8
Let x(w) = w - 2*w + 6 - 3. Suppose 13 + 23 = -4*j. Let a = 13 + j. Give x(a).
-1
Let r(q) be the first derivative of -q**3/3 - 19*q**2/2 + 19*q + 390. Give r(-19).
19
Let f(c) = 3 - 4 + 2. Let a(s) = s**2 + 8*s + 10. Let y(p) = -a(p) + 6*f(p). Calculate y(-7).
3
Suppose 3*n + 18 - 1 = -l, 0 = n + 5. Let p(k) be the third derivative of 3*k**2 + 1/6*k**3 + 1/4*k**4 + 0 + 0*k. Calculate p(l).
-11
Let p(u) = -9*u + 11. Let g(y) = y - 3. Let h(z) = 6*g(z) + p(z). Give h(-3).
2
Let m(n) = -2*n - 3. Let c(w) = 32*w + 90. Let t be c(-3). Determine m(t).
9
Let l(d) = -3*d - 1. Let n be (6*10)/(-6)*(-2)/4. Suppose 11 = 2*b + 3*g + 2*g, -9 = -3*b - n*g. Give l(b).
5
Let q(v) = v**3 + 3*v**2 - 3. Suppose -12 - 3 = 5*m. Let g be q(m). Let o(k) be the first derivative of -k**3/3 - k**2 - 2*k - 2. What is o(g)?
-5
Let i(b) = -b**3 - 11*b**2 - 10*b + 4. Let f be i(-10). Suppose 3*l + 2*r = -10, r = -f*r + 5. Let j(u) = -u**2 - 5*u - 4. Give j(l).
0
Let a = 1 - -4. Let m(g) = -9*g**2 - 13*g - 2. Let b(z) = -7*z**2 - 12*z - 1. Let i(s) = -5*b(s) + 4*m(s). What is i(a)?
12
Suppose 6*t + 10 = 11*t, -3*t = -5*i - 1. Let u(r) = 14*r - 7. What is u(i)?
7
Suppose -2*h = 5*i + 7, 0*h = -3*h - 3. Let g(c) = -4*c**3 - 2*c**2 + 1. What is g(i)?
3
Let j be -2 + 27*-2 - (4 - 3). Let o = -55 - j. Let u(t) = -t**3 + 3*t**2 - 1. What is u(o)?
3
Let p(n) = -1259 + n**2 + n**3 + 435 + 418 + 420. Let i(s) = s + 1. Let y be i(-1). Determine p(y).
14
Let t(b) be the first derivative of b**6/120 - b**5/10 - 5*b**3/6 + b**2 + 1. Let u(l) be the second derivative of t(l). Suppose -4 = 3*n - 22. Calculate u(n).
-5
Let f(p) be the third derivat